t the prime factors of 2376750.
2, 3, 5, 3169
List the prime factors of 562739.
562739
What are the prime factors of 1771874?
2, 13, 23, 2963
List the prime factors of 12401636.
2, 13, 17, 14029
What are the prime factors of 467815?
5, 93563
What are the prime factors of 98774?
2, 13, 29, 131
List the prime factors of 138811.
127, 1093
List the prime factors of 9209443.
29, 541, 587
What are the prime factors of 3270302?
2, 7, 191, 1223
What are the prime factors of 1969306?
2, 23, 31, 1381
List the prime factors of 17422188.
2, 3, 7, 433, 479
List the prime factors of 1843379.
383, 4813
What are the prime factors of 7452696?
2, 3, 47, 6607
List the prime factors of 336283.
23, 14621
What are the prime factors of 28255?
5, 5651
List the prime factors of 469703.
13, 36131
List the prime factors of 311565.
3, 5, 20771
What are the prime factors of 8193310?
2, 5, 431, 1901
What are the prime factors of 14049774?
2, 3, 28909
What are the prime factors of 651615?
3, 5, 43441
List the prime factors of 465675.
3, 5, 7, 887
What are the prime factors of 1520756?
2, 380189
List the prime factors of 177661.
11, 31, 521
What are the prime factors of 16679127?
3, 5559709
List the prime factors of 43788.
2, 3, 41, 89
What are the prime factors of 25371081?
3, 2819009
List the prime factors of 86549.
23, 53, 71
List the prime factors of 1198967.
7, 11, 23, 677
What are the prime factors of 651717?
3, 11, 29, 227
What are the prime factors of 3152151?
3, 577, 607
What are the prime factors of 16488135?
3, 5, 43, 8521
What are the prime factors of 22151?
17, 1303
List the prime factors of 60184.
2, 7523
List the prime factors of 1636567.
103, 15889
List the prime factors of 53201.
53201
What are the prime factors of 6214879?
11, 564989
List the prime factors of 96744.
2, 3, 29, 139
List the prime factors of 8423251.
19, 73, 6073
What are the prime factors of 110732?
2, 19, 31, 47
What are the prime factors of 219665?
5, 43933
List the prime factors of 179263.
7, 25609
What are the prime factors of 27161284?
2, 29, 234149
List the prime factors of 11361.
3, 7, 541
What are the prime factors of 3878641?
13, 19, 41, 383
What are the prime factors of 277217?
277217
What are the prime factors of 141334?
2, 70667
List the prime factors of 12211038.
2, 3, 7, 199, 487
What are the prime factors of 6560105?
5, 139, 9439
List the prime factors of 209316.
2, 3, 17443
List the prime factors of 15371.
19, 809
List the prime factors of 410358.
2, 3, 13, 5261
What are the prime factors of 11580159?
3, 449, 8597
What are the prime factors of 8265974?
2, 4132987
What are the prime factors of 2468617?
617, 4001
What are the prime factors of 277852?
2, 69463
List the prime factors of 208284.
2, 3, 17, 1021
List the prime factors of 4362973.
67, 65119
List the prime factors of 3750350.
2, 5, 107, 701
List the prime factors of 7570059.
3, 7, 23, 2239
What are the prime factors of 279220?
2, 5, 23, 607
What are the prime factors of 2673754?
2, 1336877
What are the prime factors of 58649?
223, 263
What are the prime factors of 1889718?
2, 3, 314953
What are the prime factors of 248869?
248869
What are the prime factors of 406561?
406561
List the prime factors of 573495.
3, 5, 13, 17, 173
List the prime factors of 7373933.
7, 883, 1193
What are the prime factors of 6904274?
2, 13, 37, 7177
What are the prime factors of 751202?
2, 41, 9161
What are the prime factors of 234245?
5, 11, 4259
List the prime factors of 12059341.
7, 17, 31, 467
List the prime factors of 3772850.
2, 5, 61, 1237
List the prime factors of 107306.
2, 53653
List the prime factors of 144934.
2, 72467
What are the prime factors of 750355?
5, 31, 47, 103
List the prime factors of 10390118.
2, 37, 140407
What are the prime factors of 3021885?
3, 5, 67153
What are the prime factors of 2511225?
3, 5, 11161
What are the prime factors of 6795867?
3, 13, 271, 643
What are the prime factors of 1484020?
2, 5, 74201
What are the prime factors of 213156?
2, 3, 31, 191
List the prime factors of 839899.
839899
What are the prime factors of 524689?
11, 47699
What are the prime factors of 5224254?
2, 3, 7, 173, 719
What are the prime factors of 2058590?
2, 5, 139, 1481
What are the prime factors of 1175503?
7, 307, 547
What are the prime factors of 610410?
2, 3, 5, 20347
What are the prime factors of 668950?
2, 5, 17, 787
List the prime factors of 4054774.
2, 173, 11719
What are the prime factors of 5280699?
3, 1760233
What are the prime factors of 389454?
2, 3, 13, 4993
List the prime factors of 622906.
2, 311453
What are the prime factors of 8868?
2, 3, 739
What are the prime factors of 9974334?
2, 3, 1662389
What are the prime factors of 455738?
2, 227869
What are the prime factors of 1849952?
2, 13, 4447
List the prime factors of 11340790.
2, 5, 1134079
What are the prime factors of 600058?
2, 19, 15791
List the prime factors of 2972039.
7, 424577
List the prime factors of 21843090.
2, 3, 5, 29, 8369
List the prime factors of 5493506.
2, 2746753
What are the prime factors of 6377265?
3, 5, 97, 487
List the prime factors of 576795.
3, 5, 38453
What are the prime factors of 247041?
3, 27449
What are the prime factors of 318458?
2, 7, 23, 43
What are the prime factors of 7461?
3, 829
What are the prime factors of 2463305?
5, 13, 37897
What are the prime factors of 239776?
2, 59, 127
List the prime factors of 390621.
3, 7, 11, 19, 89
List the prime factors of 284786.
2, 23, 41, 151
List the prime factors of 30576.
2, 3, 7, 13
List the prime factors of 205502.
2, 11, 9341
List the prime factors of 1842154.
2, 17, 54181
What are the prime factors of 14591299?
2347, 6217
List the prime factors of 2439560.
2, 5, 71, 859
List the prime factors of 16449285.
3, 5, 17, 251, 257
What are the prime factors of 1011546?
2, 3, 56197
List the prime factors of 3718148.
2, 7, 19, 29, 241
What are the prime factors of 676765?
5, 135353
What are the prime factors of 814897?
31, 97, 271
What are the prime factors of 478569?
3, 7, 13, 1753
What are the prime factors of 1353862?
2, 676931
What are the prime factors of 3154436?
2, 31, 25439
What are the prime factors of 1525388?
2, 381347
What are the prime factors of 10427?
10427
What are the prime factors of 1310511?
3, 43, 10159
What are the prime factors of 458289?
3, 13, 3917
What are the prime factors of 24270508?
2, 103, 58909
List the prime factors of 19910444.
2, 4977611
What are the prime factors of 5362193?
293, 18301
List the prime factors of 5548.
2, 19, 73
What are the prime factors of 606445?
5, 7, 17327
List the prime factors of 275964.
2, 3, 13, 29, 61
List the prime factors of 9676437.
3, 3225479
What are the prime factors of 579516?
2, 3, 7, 6899
List the prime factors of 177674.
2, 7, 37
What are the prime factors of 113599?
47, 2417
List the prime factors of 5814806.
2, 181, 16063
What are the prime factors of 24868257?
3, 8289419
What are the prime factors of 5122280?
2, 5, 37, 3461
List the prime factors of 6916728.
2, 3, 7, 13, 3167
List the prime factors of 115107.
3, 17, 37, 61
List the prime factors of 17276848.
2, 149, 7247
List the prime factors of 48481.
48481
What are the prime factors of 2027675?
5, 13, 17, 367
What are the prime factors of 6415790?
2, 5, 641579
List the prime factors of 8315818.
2, 7, 593987
What are the prime factors of 1934343?
3, 197, 1091
List the prime factors of 743550.
2, 3, 5, 4957
List the prime factors of 96658.
2, 31, 1559
What are the prime factors of 286364?
2, 13, 5507
What are the prime factors of 1391202?
2, 3, 25763
List the prime factors of 1192766.
2, 47, 12689
What are the prime factors of 809429?
353, 2293
List the prime factors of 269668.
2, 7, 9631
List the prime factors of 806984.
2, 149, 677
What are the prime factors of 116921?
7, 16703
What are the prime factors of 17333756?
2, 11, 53, 7433
List the prime factors of 5617976.
2, 7, 13, 7717
What are the prime factors of 66369?
3, 22123
What are the prime factors of 15103662?
2, 3, 7, 41, 179
List the prime factors of 21947497.
11, 13, 23, 6673
What are the prime factors of 136870?
2, 5, 13687
List the prime factors of 7586511.
3, 887, 2851
What are the prime factors of 1532992?
2, 17, 1409
What are the prime factors of 10580276?
2, 7, 23, 2347
List the prime factors of 